{"id":19,"date":"2019-01-31T12:18:04","date_gmt":"2019-01-31T15:18:04","guid":{"rendered":"http:\/\/manchinellimontajes.com.ar\/?page_id=19"},"modified":"2019-01-31T12:18:04","modified_gmt":"2019-01-31T15:18:04","slug":"nuestro-personal","status":"publish","type":"page","link":"https:\/\/manchinellimontajes.com.ar\/index.php\/nuestro-personal\/","title":{"rendered":"Nuestro Personal"},"content":{"rendered":"<div>\n<p class=\"just\">La capacidad humana es din\u00e1micamente reversible de acuerdo a la situaci\u00f3n particular de cada trabajo a realizar, ya que contamos en nuestro plantel permanente el personal con solvencia t\u00e9cnica y de liderazgo para la r\u00e1pida expansi\u00f3n\u00a0 de los recursos humanos.<\/p>\n<p class=\"just\">Cabe destacar que contamos con un servicio de seguridad e Higiene industrial representado por el Ingeniero H\u00e9ctor O. Navoni\u00a0 Matric. N\u00b0 ISA 078, CPII N\u00b0 FO108 y avalado por nuestro manual interno de seguridad industrial (a disposici\u00f3n de quien lo solicite), donde todo nuestro personal deja constancia de su adhesi\u00f3n a esta pol\u00edtica, siendo peri\u00f3dicamente capacitado y\u00a0 tambi\u00e9n refrendado por los Informes anuales de nuestra A.R.T. donde deja constancia que desde la implementaci\u00f3n de la misma no hemos tenido accidentes\u00a0 de ning\u00fan tipo y tampoco incidentes.<\/p>\n<\/div>\n<div>\n<p class=\"just\">Con estos datos intentamos demostrar la seriedad, solvencia y capacidad con que nos desempe\u00f1amos en nuestro rubro, por lo que hacemos votos para que la empresa contin\u00fae en su normal desarrollo y expansi\u00f3n.<\/p>\n<\/div>\n   ","protected":false},"excerpt":{"rendered":"<p>La capacidad humana es din\u00e1micamente reversible de acuerdo a la situaci\u00f3n particular de cada trabajo a realizar, ya que contamos en nuestro plantel permanente el personal con solvencia t\u00e9cnica y de liderazgo para la r\u00e1pida expansi\u00f3n\u00a0 de los recursos humanos. Cabe destacar que contamos con un servicio de seguridad e Higiene industrial representado por el &hellip; <\/p>\n<p class=\"link-more\"><a href=\"https:\/\/manchinellimontajes.com.ar\/index.php\/nuestro-personal\/\" class=\"more-link\">Continue reading<span class=\"screen-reader-text\"> &#8220;Nuestro Personal&#8221;<\/span><\/a><\/p>\n","protected":false},"author":1,"featured_media":0,"parent":0,"menu_order":0,"comment_status":"closed","ping_status":"closed","template":"","meta":{"footnotes":""},"class_list":["post-19","page","type-page","status-publish","hentry"],"_links":{"self":[{"href":"https:\/\/manchinellimontajes.com.ar\/index.php\/wp-json\/wp\/v2\/pages\/19","targetHints":{"allow":["GET"]}}],"collection":[{"href":"https:\/\/manchinellimontajes.com.ar\/index.php\/wp-json\/wp\/v2\/pages"}],"about":[{"href":"https:\/\/manchinellimontajes.com.ar\/index.php\/wp-json\/wp\/v2\/types\/page"}],"author":[{"embeddable":true,"href":"https:\/\/manchinellimontajes.com.ar\/index.php\/wp-json\/wp\/v2\/users\/1"}],"replies":[{"embeddable":true,"href":"https:\/\/manchinellimontajes.com.ar\/index.php\/wp-json\/wp\/v2\/comments?post=19"}],"version-history":[{"count":1,"href":"https:\/\/manchinellimontajes.com.ar\/index.php\/wp-json\/wp\/v2\/pages\/19\/revisions"}],"predecessor-version":[{"id":20,"href":"https:\/\/manchinellimontajes.com.ar\/index.php\/wp-json\/wp\/v2\/pages\/19\/revisions\/20"}],"wp:attachment":[{"href":"https:\/\/manchinellimontajes.com.ar\/index.php\/wp-json\/wp\/v2\/media?parent=19"}],"curies":[{"name":"wp","href":"https:\/\/api.w.org\/{rel}","templated":true}]}}

<div>
<p class="just">La capacidad humana es dinámicamente reversible de acuerdo a la situación particular de cada trabajo a realizar, ya que contamos en nuestro plantel permanente el personal con solvencia técnica y de liderazgo para la rápida expansión  de los recursos humanos.</p>
<p class="just">Cabe destacar que contamos con un servicio de seguridad e Higiene industrial representado por el Ingeniero Héctor O. Navoni  Matric. N° ISA 078, CPII N° FO108 y avalado por nuestro manual interno de seguridad industrial (a disposición de quien lo solicite), donde todo nuestro personal deja constancia de su adhesión a esta política, siendo periódicamente capacitado y  también refrendado por los Informes anuales de nuestra A.R.T. donde deja constancia que desde la implementación de la misma no hemos tenido accidentes  de ningún tipo y tampoco incidentes.</p>
</div>
<div>
<p class="just">Con estos datos intentamos demostrar la seriedad, solvencia y capacidad con que nos desempeñamos en nuestro rubro, por lo que hacemos votos para que la empresa continúe en su normal desarrollo y expansión.</p>
</div>

<p>La capacidad humana es dinámicamente reversible de acuerdo a la situación particular de cada trabajo a realizar, ya que contamos en nuestro plantel permanente el personal con solvencia técnica y de liderazgo para la rápida expansión  de los recursos humanos. Cabe destacar que contamos con un servicio de seguridad e Higiene industrial representado por el &hellip; </p>
<p class="link-more"><a href="https://manchinellimontajes.com.ar/index.php/nuestro-personal/" class="more-link">Continue reading<span class="screen-reader-text"> &#8220;Nuestro Personal&#8221;</span></a></p>
